ors of 498615274.
2, 197, 1265521
What are the prime factors of 33316166?
2, 13, 167, 7673
List the prime factors of 472666710.
2, 3, 5, 3203, 4919
List the prime factors of 14855856.
2, 3, 173, 1789
What are the prime factors of 912651336?
2, 3, 12675713
List the prime factors of 71942725.
5, 17, 109, 1553
What are the prime factors of 4377193446?
2, 3, 729532241
What are the prime factors of 190362174?
2, 3, 101, 314129
List the prime factors of 9150614.
2, 11, 415937
List the prime factors of 3546556.
2, 13, 241, 283
List the prime factors of 1293879378.
2, 3, 11, 1782203
List the prime factors of 108650.
2, 5, 41, 53
What are the prime factors of 4189125585?
3, 5, 23, 12142393
List the prime factors of 7045669296.
2, 3, 2659, 18401
What are the prime factors of 290517997?
7, 11, 79, 163, 293
List the prime factors of 1097312687.
1097312687
List the prime factors of 653251592.
2, 7, 31, 376297
What are the prime factors of 40146057?
3, 7, 311, 683
List the prime factors of 602420464.
2, 2549, 14771
What are the prime factors of 102681856?
2, 401101
What are the prime factors of 168119394?
2, 3, 28019899
List the prime factors of 243201176.
2, 41, 741467
What are the prime factors of 6098207599?
11, 554382509
List the prime factors of 972197898.
2, 3, 7, 131, 176699
List the prime factors of 442659633.
3, 13, 23, 31, 15919
List the prime factors of 18386670.
2, 3, 5, 612889
What are the prime factors of 5367235?
5, 1073447
What are the prime factors of 127892095?
5, 887, 28837
List the prime factors of 52849580.
2, 5, 7, 43, 8779
List the prime factors of 5111022605.
5, 13, 4099, 19183
What are the prime factors of 780386938?
2, 17, 22952557
List the prime factors of 1913395477.
7, 457, 598123
What are the prime factors of 136948241?
41, 3340201
What are the prime factors of 1588837729?
181, 1201, 7309
List the prime factors of 34897046.
2, 17448523
What are the prime factors of 476832699?
3, 7, 389, 19457
What are the prime factors of 37703147?
37703147
What are the prime factors of 46009547?
197, 233551
What are the prime factors of 3825908?
2, 956477
What are the prime factors of 1685233407?
3, 11, 13, 3928283
List the prime factors of 20959806.
2, 3, 7, 79, 6317
What are the prime factors of 4355985495?
3, 5, 290399033
List the prime factors of 136171849.
11, 29, 426871
What are the prime factors of 4455840?
2, 3, 5, 9283
List the prime factors of 53297958.
2, 3, 7, 17, 4391
What are the prime factors of 3634790?
2, 5, 43, 79, 107
What are the prime factors of 55641746?
2, 1229, 22637
List the prime factors of 147380113.
23, 6407831
List the prime factors of 317785442.
2, 13, 12222517
What are the prime factors of 5899649900?
2, 5, 41, 1438939
What are the prime factors of 4119487831?
19, 67, 3236047
What are the prime factors of 5037384447?
3, 4621, 121123
What are the prime factors of 374457893?
374457893
List the prime factors of 3921255694.
2, 23, 9173, 9293
What are the prime factors of 601167780?
2, 3, 5, 617, 5413
List the prime factors of 493716265.
5, 7, 14106179
What are the prime factors of 2628708027?
3, 11, 73, 751, 1453
List the prime factors of 6224028081.
3, 2074676027
What are the prime factors of 48657272?
2, 887, 6857
What are the prime factors of 49125856?
2, 13, 269, 439
What are the prime factors of 95345318?
2, 61, 781519
What are the prime factors of 99927133?
99927133
List the prime factors of 78379923.
3, 26126641
What are the prime factors of 28077651?
3, 7, 53, 2803
List the prime factors of 34255276.
2, 11, 778529
List the prime factors of 175925664.
2, 3, 131, 4663
List the prime factors of 2154067296.
2, 3, 71, 316031
List the prime factors of 623495723.
17, 36676219
List the prime factors of 338286603.
3, 112762201
What are the prime factors of 6015944?
2, 11, 137, 499
What are the prime factors of 3152089303?
11, 19, 23, 67, 9787
What are the prime factors of 613783070?
2, 5, 239, 256813
What are the prime factors of 2337217655?
5, 467443531
List the prime factors of 1827293458.
2, 913646729
What are the prime factors of 88594782?
2, 3, 14765797
List the prime factors of 1812680838.
2, 3, 37, 619, 4397
What are the prime factors of 1651200061?
7, 23, 317, 32353
What are the prime factors of 741667565?
5, 19, 7807027
List the prime factors of 295776058.
2, 147888029
What are the prime factors of 475385682?
2, 3, 31, 2555837
What are the prime factors of 384659253?
3, 11, 31, 41, 1019
List the prime factors of 834687524.
2, 11, 31, 55631
List the prime factors of 888550353.
3, 53, 137, 13597
What are the prime factors of 941939450?
2, 5, 18838789
What are the prime factors of 5931119567?
5931119567
List the prime factors of 515277684.
2, 3, 17, 29, 29033
What are the prime factors of 838435491?
3, 23, 47, 86179
List the prime factors of 1704666622.
2, 852333311
What are the prime factors of 2125805914?
2, 3851, 276007
What are the prime factors of 155993891?
31, 5032061
What are the prime factors of 29020219?
107, 271217
List the prime factors of 31870464.
2, 3, 20749
What are the prime factors of 1467823135?
5, 293564627
List the prime factors of 4498172767.
11, 23, 43, 313, 1321
What are the prime factors of 85048721?
85048721
List the prime factors of 1627942909.
37, 229, 192133
What are the prime factors of 4303215985?
5, 823, 1045739
List the prime factors of 14392000.
2, 5, 7, 257
List the prime factors of 414658840.
2, 5, 10366471
What are the prime factors of 398435482?
2, 13691, 14551
What are the prime factors of 779833380?
2, 3, 5, 43, 302261
List the prime factors of 119161753.
229, 520357
List the prime factors of 39203581.
17, 227, 10159
What are the prime factors of 546189323?
179, 3051337
What are the prime factors of 205391936?
2, 547, 5867
What are the prime factors of 102876623?
311, 330793
What are the prime factors of 590966946?
2, 3, 587, 55931
List the prime factors of 1108044481.
23, 983, 49009
What are the prime factors of 274155877?
757, 362161
What are the prime factors of 634948755?
3, 5, 7, 41, 83, 1777
What are the prime factors of 27555634?
2, 2179, 6323
List the prime factors of 70140859.
151, 223, 2083
What are the prime factors of 118595331?
3, 13177259
List the prime factors of 2240350732.
2, 560087683
What are the prime factors of 299778820?
2, 5, 11, 1362631
What are the prime factors of 954939727?
7, 4549, 29989
List the prime factors of 95994777.
3, 89, 151, 2381
What are the prime factors of 1163535970?
2, 5, 29, 4012193
List the prime factors of 671910909.
3, 223970303
What are the prime factors of 2556389731?
7, 127, 547, 751
List the prime factors of 134029025.
5, 13, 412397
List the prime factors of 305916296.
2, 7, 37, 191, 773
What are the prime factors of 60856711?
61, 997651
What are the prime factors of 6960411831?
3, 97, 3463, 6907
What are the prime factors of 95925362?
2, 13, 1609, 2293
What are the prime factors of 1175845730?
2, 5, 6101, 19273
List the prime factors of 46679189.
46679189
List the prime factors of 65679836.
2, 16419959
List the prime factors of 5892121312.
2, 7, 11, 19, 127, 991
List the prime factors of 132771678.
2, 3, 13, 53, 32117
What are the prime factors of 174319546?
2, 223, 390851
List the prime factors of 90497928.
2, 3, 31, 121637
What are the prime factors of 38312181?
3, 23, 59, 3137
What are the prime factors of 204911420?
2, 5, 7, 107, 13679
List the prime factors of 797935316.
2, 199483829
What are the prime factors of 107349423?
3, 35783141
List the prime factors of 78403794.
2, 3, 7, 1866757
List the prime factors of 2932688812.
2, 9719, 75437
What are the prime factors of 59092888?
2, 19, 23, 16903
List the prime factors of 212319080.
2, 5, 1531, 3467
List the prime factors of 2715192685.
5, 59, 9204043
List the prime factors of 35515338.
2, 3, 37, 159979
What are the prime factors of 2751218148?
2, 3, 7, 32752597
What are the prime factors of 186981731?
186981731
List the prime factors of 2334553367.
83, 5179, 5431
What are the prime factors of 126734217?
3, 42244739
What are the prime factors of 845553183?
3, 661, 426401
What are the prime factors of 127667419?
11, 11606129
List the prime factors of 5235060.
2, 3, 5, 87251
List the prime factors of 406724023.
1307, 311189
What are the prime factors of 3187821823?